*m + 252. What are the prime factors of n(-5)?
10177
Let b(a) = 1446*a + 7262. What are the prime factors of b(13)?
2, 5, 1303
Let x be 5*(-4)/10*3/2. Let y be ((-244)/(-3))/((-2)/x). Suppose 5*t = o - y, -2*o + 5*t + 205 = -19. List the prime factors of o.
2, 3, 17
Let i = -811 + 797. Suppose 0 = -4*o + 13 + 3. What are the prime factors of (-1362)/(-14) + o/i?
97
Suppose 38 = -103*k + 122*k. Suppose -p = -3 + 4. What are the prime factors of p*k/2 - -19?
2, 3
Let q be (-8)/14 - (-1 - (-414)/(-14)). Suppose 0 = -q*k + 8298 + 18102. List the prime factors of k.
2, 5, 11
Suppose 2*q + 3*t = 4138, 5*q + 0*t - 10368 = 4*t. Suppose -15*d + 8*d + q = 0. List the prime factors of d.
2, 37
Let l(x) = x**3 - 6*x**2 - 128*x - 218. List the prime factors of l(23).
7, 17
Let h = 53258 + -24832. List the prime factors of h.
2, 61, 233
Let x be 5 - (-4 - (5 + -660)). Let p = -417 - x. What are the prime factors of p?
229
Suppose -24*n + 104 = -16*n. Suppose 4*q - q + l - 53 = 0, -2*l - n = -q. Suppose 14*k = q*k - 255. List the prime factors of k.
5, 17
What are the prime factors of 7082 - (9 - (-3)/(-3))?
2, 3, 131
Let i(c) = -481*c + 485. List the prime factors of i(-7).
2, 3, 107
Let n = 65 + -59. Suppose n*p = -0*p + 282. Suppose -277 = -5*t - p. List the prime factors of t.
2, 23
Let a(f) = -7*f - 11. Let s be a(-4). Let y = 446 - s. List the prime factors of y.
3, 11, 13
Let k(d) = 68 + 10 + 28 - 5 + 40*d. What are the prime factors of k(14)?
661
Let z be ((-21)/2)/(-3) - (-3)/(-6). Suppose -5*a + z*m + 543 = -347, 5 = m. What are the prime factors of a?
181
What are the prime factors of (376/(-47) + (-5)/(20/37749))*-4?
37781
Suppose 0 = -4*d - 12, -b + 0*b - 1322 = 4*d. Let c = -695 - b. What are the prime factors of c?
3, 5, 41
Suppose -9*c - 3*c = -5*c. Suppose 53*d - 54*d + 569 = c. List the prime factors of d.
569
Let k(m) = -77*m**3 + 87*m**2 + 470*m - 4. What are the prime factors of k(-5)?
2, 4723
Let o = 140 + -150. Let d(z) = 18*z**2 - 2*z + 8. What are the prime factors of d(o)?
2, 457
Let g = 23 - 30. Let n(u) be the second derivative of u**4/12 + u**3/2 - u**2/2 + 21*u. What are the prime factors of n(g)?
3
Suppose -2*n = 3*n + 20, 4*n = -5*b - 2681. Let c = 818 + b. What are the prime factors of c?
3, 5, 19
List the prime factors of ((-1)/(10/(-4)))/(26/65)*331.
331
Suppose 3*d - 60 = -3*o, -d + 5 - 36 = -2*o. Suppose i = 0, -5*n + 6*n + 5*i - o = 0. List the prime factors of n.
17
Let d(m) = 3*m**2 + 3*m + 7. Let y be d(-5). Let k be 148/10*(-5)/(-4)*2. Suppose k*u - 38*u = -y. What are the prime factors of u?
67
Let p be ((-3)/(9/16))/((-22)/(-330)). Let b = p - -47. Let z = b - -58. What are the prime factors of z?
5
Let q = -280 + 490. Suppose -q = -6*w - 54. Suppose j = 5*p + w, -2*j + 5*j - 3*p - 138 = 0. What are the prime factors of j?
3, 17
List the prime factors of (-312)/(-416)*(221*31 + 1).
3, 571
Suppose 18 = v + 4*d + 7, -5*v + 19 = 2*d. List the prime factors of (v + -13 + 1)/(4/(-124)).
3, 31
Let x(f) = f + 1. Let y(w) = -35*w - 20. Let q(j) = -150*x(j) - 5*y(j). What are the prime factors of q(12)?
2, 5
Let v be ((-1309)/21)/(3/9). Suppose 3*g + 1365 = 3*y, -6*g = -5*y - 9*g + 2283. Let d = y + v. What are the prime factors of d?
269
List the prime factors of -5 - 219/(-45) - 8701399/(-255).
34123
Suppose -2*v = -7 + 1. Let z be 7 + 217/(-28) + v/4. Suppose 5*b + 0*b + j = 427, b + j - 87 = z. List the prime factors of b.
5, 17
Let i be 126/10 + (-2 - 7/(-5)). Let u be i + 2 - (-7 + 2). Suppose -29 = -3*b + u. What are the prime factors of b?
2
Let c(a) = a + 14. Let n be c(-10). Suppose n*l = -3*f + 27, -2*l + 5*f = -4 - 3. Suppose 535 = 5*s + 5*m, -2*s + l*m - 3*m = -239. List the prime factors of s.
2, 7
What are the prime factors of 36*(-28)/(-126) + 3*3166?
2, 7, 97
Let n(j) = -2*j**3 - 10*j**2 - 2*j - 4. Let p be (-1 - 1/(-3))/((-22)/(-165)). Let c be n(p). Suppose 0 = c*f - 762 - 174. List the prime factors of f.
2, 3, 13
Let r be (15/20)/((-3)/(-12)). Suppose -64 = -4*u - v + r*v, -2*v - 4 = 0. What are the prime factors of (-2)/(-10) - ((-15192)/u)/6?
13
Let l(j) = -15*j - 17. Let n be l(-2). Let b = 2 - n. What are the prime factors of 3/((-3)/b) - (0 + -1)?
2, 3
Let x(l) = -91*l + 375*l + 97*l - 132 - 164. What are the prime factors of x(5)?
1609
Suppose -r = -5*q - 17, q = -4*r + 5*q + 20. Let k be r/(-9) + (-6)/(270/(-145)). Suppose -3*i + 5*i = -6, -3*i = k*y - 108. What are the prime factors of y?
3, 13
Suppose 11 = -3*y - 1. Let h(s) = -3*s**3 - 3*s**2 + 5*s. Let v be h(y). Suppose -9*p = -v - 821. List the prime factors of p.
3, 5, 7
Let p = -2866 + 4073. List the prime factors of p.
17, 71
Suppose 0 = 3*l - 3*s - 28911, -2*l + 7183 = -5*s - 12100. What are the prime factors of l?
2, 4817
Let z(r) = 141*r**2 + 11*r + 663. What are the prime factors of z(17)?
17, 2447
Let y = 9 - 3. Suppose 4*x + y = -26. List the prime factors of (x/6)/(4/6) - -41.
3, 13
Suppose -9*w = 18 - 54. Let l(z) = 210*z - 15. List the prime factors of l(w).
3, 5, 11
Let c(m) = -m**2 + 33*m - 98. Let d be c(30). What are the prime factors of (-160)/30*102/d?
2, 17
Let m(i) = -2*i**3 - 18*i**2 - 19*i - 41. Let y = 80 + -92. List the prime factors of m(y).
1051
Let c(v) = 11*v**2 + 703*v + 7697. List the prime factors of c(-11).
5, 7, 37
Suppose 0*d + 88 = 2*d. Let b be 1664/d - 6/(-33). Suppose 0 = -7*l + 214 + b. What are the prime factors of l?
2, 3
Let u(c) = 11*c**3 - 4*c**2 - 9*c + 1. Suppose 6*f = 14*f - 32. What are the prime factors of u(f)?
5, 11
What are the prime factors of 23*440 + (-568)/284?
2, 5059
Suppose -4*x + h = 123 - 515, 2*x - 2*h = 190. List the prime factors of x.
3, 11
Let y(s) = 6*s - 13. Let x be y(-7). Let r = x + 60. Suppose -4*w + r*n + 440 = 0, 3*w - 110 = 2*w + n. List the prime factors of w.
2, 5, 11
Let m(v) = -v**3 + v**2 - 2*v - 1. Let f(i) = -3*i**3 + 32*i**2 + 43*i + 9. Let d(c) = -f(c) + 6*m(c). What are the prime factors of d(-9)?
3, 11, 17
Let o(p) = -p**3 + 8*p**2 + p - 4. Let w be o(8). Suppose 0 = w*l - 4*t, 2*l + l - 4 = 2*t. Let x(q) = 4*q + 15. What are the prime factors of x(l)?
31
Let d = 13065 + 35046. List the prime factors of d.
3, 7, 29, 79
Let l(r) = -9*r**3 + 26*r**2 - 4*r - 109. List the prime factors of l(-8).
3, 5, 7, 59
Let k(w) = 2*w**2 - 26*w - 142. List the prime factors of k(-28).
2, 3, 359
Let p(h) = 22*h - 21. Let s(w) be the third derivative of -w**6/120 - w**5/30 + w**4/3 + 7*w**3/6 + 5*w**2. Let g be s(-4). List the prime factors of p(g).
7, 19
Let y = 337 + -337. Suppose -6*f + 70 + 902 = y. List the prime factors of f.
2, 3
Suppose -x = 138 - 340. Suppose -3*t + 3*p = -2*t + 32, -3*p - 91 = 2*t. Let i = t + x. List the prime factors of i.
7, 23
Let f(l) be the third derivative of -l**6/120 + l**5/3 + l**4/4 - 41*l**3/6 - 233*l**2. What are the prime factors of f(17)?
2, 29
Let m(t) = 20*t + 64. Let f be m(-16). Let r = 730 - f. What are the prime factors of r?
2, 17, 29
Suppose -4*s + 3*g = 2392, 2*s + 875 + 321 = 2*g. Let v = -329 - s. What are the prime factors of v?
269
Let b = -7225 + 15616. What are the prime factors of (2 - b/6)*(-2)/3?
7, 19
Suppose 2*t - 2*c - 38936 = -14140, 4*c - 24 = 0. List the prime factors of t.
2, 7, 443
Suppose -108*g - 106045 - 350284 + 2351837 = 0. List the prime factors of g.
17551
Let m = 26 - 52. Let d be (-24 + 2)/((-4)/m). Let r = 263 + d. What are the prime factors of r?
2, 3, 5
List the prime factors of ((-14962)/8)/(493/(-11832)).
2, 3, 7481
Let f(x) be the first derivative of 10*x**3/3 - 7*x**2/2 - 14*x - 1. Let b(v) = 1439*v - 7200. Let i be b(5). What are the prime factors of f(i)?
271
Suppose 2*j - 4*j + 4 = 0. Suppose -j*f + v + 0 = -5, 5*v - 1 = -3*f. Suppose z + 111 = f*u, 5*z = 5*u - 240 - 40. List the prime factors of u.
5, 11
Let j(v) = -6*v**2 + 9*v - 9. Let q(o) = -o**2 + o + 1. Let p(d) = -j(d) + 5*q(d). List the prime factors of p(-10).
2, 7, 11
Let k(v) = 243*v + 48. Let y be k(1). Let r = y - -277. List the prime factors of r.
2, 71
Let p(l) = 50*l + 11815. What are the prime factors of p(0)?
5, 17, 139
Let b = -6035 + 8770. What are the prime factors of b?
5, 547
Let i(x) be the third derivative of -419*x**6/120 + x**4/24 + x**3/3 - 4*x**2. Let u be i(-1). Suppose -6*y + u = -594. What are the pri